u?
4
Let w = 79 + 37. Let r = -2720 + 2749. Calculate the greatest common divisor of r and w.
29
Let g = -660 + 680. What is the highest common factor of g and 1480?
20
Let i(u) = u**3 - 5*u**2 - 5*u + 8. Let b be i(6). Suppose 1656 - 88 = 14*l. Calculate the highest common factor of b and l.
14
Suppose -75 = -3*w - 30. What is the greatest common divisor of 15 and w?
15
Suppose 0 = -3*j - 0 + 12. Suppose 0 = -n + j*b - 2 + 12, 0 = -2*n - 2*b + 70. Calculate the greatest common factor of 105 and n.
15
Suppose 0 = -0*j + 2*j - 14. Let n = 178 + -122. Calculate the greatest common factor of j and n.
7
Suppose 2*p - 9 - 101 = 0. Calculate the highest common divisor of 20 and p.
5
Suppose 96 = -3*p - 2*j - j, 2*p - 5*j = -57. Let f = 33 + p. What is the highest common factor of 18 and f?
2
Let g be (100/500)/(1/10). What is the greatest common factor of 127 and g?
1
Let y = 43 - -13. Let c = 116 - y. Suppose -9*j + c = -4*j. Calculate the greatest common divisor of 8 and j.
4
Let f(a) = a**2 - 3*a + 8. Suppose 2*x + 0*n = n + 28, -2*x + 5*n = -28. Let h be f(x). Let w be h/12 + 6/(-4). What is the greatest common factor of w and 12?
12
Suppose -3*b = -6 - 15. What is the highest common factor of b and 112?
7
Suppose -254 = -6*i + 250. Let d = 95 - i. Calculate the greatest common divisor of 99 and d.
11
Suppose -65 = -2*f + 17. Let t be (256/24 + -12)*-123. Calculate the greatest common divisor of t and f.
41
Let y = -12 - -97. Let x be y/(-34)*12/(-5). What is the greatest common divisor of 2 and x?
2
Suppose 3*m = 0, -3*a = -4*m + m - 51. Calculate the highest common divisor of a and 34.
17
Let k be (-3)/(3/(-26)) + 0. Suppose 4*s = -v + 23, -4*v + 109 = -2*s + s. Suppose 23*f - v*f + 260 = 0. What is the highest common divisor of k and f?
13
Let m(n) = -5*n + 105. Let d be m(-12). Calculate the highest common divisor of d and 385.
55
Suppose 0 = -3*f - 161 + 329. What is the highest common divisor of 21 and f?
7
Let c = -381 - -384. What is the highest common divisor of c and 9?
3
Suppose g = -5*u + 28, 3*g - 65 = -10*u - 6. Let r be ((-5)/2)/((-3)/(-6)). Let p be 2/5 + (-163)/r. Calculate the greatest common factor of p and g.
3
Suppose -s - i - 2*i + 3 = 0, -5*s - 2*i = 11. Let t be (s - (-5)/2)*-2 - -24. What is the greatest common divisor of t and 5?
5
Let i = 4 - 2. Let m be 10 - ((-3)/(-6))/((-19)/(-304)). What is the highest common divisor of i and m?
2
Let l = -459 + 484. What is the highest common divisor of 2575 and l?
25
Let z(i) = i + 135. Let k be z(0). Suppose 14*x + 105 = 315. Calculate the highest common factor of x and k.
15
Let k = -18 + 22. Suppose -u + 0*u = -k. Suppose -u*t = 3 - 71. Calculate the highest common factor of 51 and t.
17
Let a be (0 - -16)*(-7)/(-14). Suppose -4*z = a*d - 3*d - 28, -d = -4*z + 28. Suppose 3*q - z*q = -84. What is the greatest common divisor of q and 3?
3
Suppose z = -5, 4*g - 6*g + 84 = -4*z. Let o(q) = -q**3 + 11*q**2 - 6*q - 12. Let x be o(9). Calculate the highest common divisor of x and g.
32
Let l be (-341)/(-66) + (-1)/6. What is the greatest common divisor of l and 34?
1
Suppose 3*g - 4788 = -g + 2*x, 0 = x. What is the highest common divisor of g and 532?
133
Let f be ((-280)/(-24) - 1/(-3))*1. Calculate the highest common divisor of f and 84.
12
Suppose 308 = 13*c - 212. What is the greatest common divisor of 1280 and c?
40
Suppose 4*a = 133 + 75. What is the greatest common factor of a and 52?
52
Suppose -4*l + 3*x + x = 8, 0 = 2*x - 6. Let n(m) = 11*m**3 - 2*m**2 - m. Let k be n(-1). Let a be 4*-15*l/k. Calculate the highest common divisor of a and 20.
5
Let a = -286 - -288. What is the highest common factor of a and 2?
2
Let b(h) = 2*h**2 - 65*h + 107. Let t be b(31). What is the greatest common divisor of 77 and t?
7
Let g(n) = 2*n**2 - 28*n + 1. Let i be ((-12)/2)/(18/(-45)). Let t be g(i). Calculate the greatest common factor of t and 217.
31
Suppose 3*d = 8*d + 4*s - 75, 54 = 4*d + 2*s. Calculate the greatest common divisor of 77 and d.
11
Let q = 47 - -106. What is the greatest common factor of 17 and q?
17
Let z = 21 - -12. Let h be ((-5)/4)/(7/(-924)). Calculate the highest common divisor of h and z.
33
Let q(a) be the first derivative of a**3/3 - a**2/2 + 4*a + 5. Let r be q(0). Suppose r*n - 148 = -o, 3 = o + 7. What is the highest common divisor of n and 95?
19
Suppose v + 74 = -2*o + 5*o, -5*v = -4*o + 315. Let l = v - -75. Let b = 7 - 3. Calculate the greatest common factor of l and b.
4
Suppose 0 = 5*l - 398 - 322. Suppose -3*v + 36 = -v. Calculate the greatest common divisor of l and v.
18
Suppose 4*o = 2*m + 22, 0 = -0*m + 3*m - o + 23. Let n(c) = c**2 - 4. Let g be n(m). What is the greatest common factor of g and 18?
9
Suppose -46*g + 224 = 10*g. What is the highest common divisor of 76 and g?
4
Let m(j) = j**3 + 7*j**2 + 6*j - 7. Let z be m(-5). Suppose -2*q = -3*q + z. Calculate the highest common factor of 13 and q.
13
Suppose u - 7 + 2 = 0. Let l be 4/(-18) - (-996)/108. Let a be (8 - l/3) + -4. Calculate the greatest common divisor of a and u.
1
Let s = -627 - -1652. Calculate the highest common divisor of s and 25.
25
Suppose -3*s + 2*s + 3 = 0. Suppose -s*b + 69 = -54. Calculate the greatest common factor of 41 and b.
41
Let k = -20 - -19. Let j be 0/(k/(2/4)). Suppose 2*t + t - 12 = j. What is the greatest common divisor of t and 32?
4
Let u be 4 + -39 - 1/(-1). Let i = u + 64. Suppose 0 = b + o - 6, i = 3*b + 2*o - 5*o. Calculate the greatest common factor of b and 24.
8
Let h be 12639/21 - (-176)/154. Calculate the greatest common divisor of h and 134.
67
Let k = 12 - -17. Suppose 3*x = -l + k, -7*x = -3*x + l - 40. Let f = 20 - x. Calculate the greatest common divisor of f and 36.
9
Let k(x) = -2*x**2 + 47*x - 3. Let n be k(22). What is the greatest common factor of n and 28?
7
Suppose 313 = -4*b + 377. What is the highest common factor of b and 14?
2
Let x be (-9)/(5/(-3*10)). Calculate the greatest common factor of x and 126.
18
Let o = -396 - -408. Calculate the highest common factor of o and 324.
12
Suppose 0 = -2*x - 10, 143*l = 145*l - 5*x - 93. Let c be 5*(-17)/(-3 + 2). Calculate the greatest common factor of c and l.
17
Let h be 0/((-1)/4*-4). Suppose h = -10*x + 13*x. Suppose x = -q + 4*j + 22, -2*j = q - 0*j - 46. Calculate the highest common divisor of 19 and q.
19
Let p(v) = -21*v + 66. Let a be p(0). Calculate the greatest common divisor of 154 and a.
22
Let i(w) = w**3 + 65 + 235 - 128*w + 126*w. Let g be i(0). Calculate the greatest common factor of 30 and g.
30
Let l(b) = -2*b - b + 9*b + 11. Suppose 2*g - 28 = -5*u, -4 = -2*g + 4. Let i be l(u). What is the highest common factor of 5 and i?
5
Let x = 91 + -25. Let s(h) = h**3 - 3*h**2 - 73*h - 15. Let y be s(-7). Calculate the highest common divisor of y and x.
6
Let o be (-4)/7 - (-1680)/196. Let n = 116 - 28. What is the greatest common divisor of n and o?
8
Suppose 3*p = -2*p + 530. Suppose 3*b - b - 58 = -f, -4*b = -3*f - p. What is the highest common divisor of 28 and b?
28
Let y(i) be the second derivative of -i**3/6 + 3*i**2 - 11*i. Let c be y(2). What is the greatest common divisor of c and 44?
4
Let f(v) = 7*v**2 - 46*v + 132. Let g be f(7). Calculate the highest common divisor of 425 and g.
17
Let g = 179 + -255. Let l be (g/(-12))/(1/33). Calculate the greatest common factor of 19 and l.
19
Let i = -29 + 31. Suppose 4 = -i*w + 6*w. Let t be (1/3)/((-2)/(-66)). What is the highest common factor of w and t?
1
Let q = 83 - -637. What is the highest common divisor of q and 160?
80
Suppose i = 6*i - 140. What is the highest common factor of i and 252?
28
Suppose 3*t + 8 = t. Let w be (-4 - t) + (-1)/1. Let v be w/2*(3 - 291). What is the greatest common factor of 18 and v?
18
Suppose -4*j - 4 = -2*c, 0 = 5*c - 0*j + 3*j - 23. What is the greatest common divisor of c and 12?
4
Suppose -8*l = -12*l - 64. Let x = -15 - l. What is the highest common factor of x and 9?
1
Let d(l) = -l**2 + 7*l - 3. Let v be d(5). Let f be 278/v + (-4)/(-14). Suppose -17*w + 120 = -5*w. What is the greatest common factor of f and w?
10
Let n(s) = 16*s. Let d be n(1). Let c = 109 - 61. Calculate the highest common divisor of d and c.
16
Let w = 15 + 286. Suppose -3*k + 3*u + 138 = 0, 4*k - 3*u = 227